the highest common factor of 27 and h.
9
Suppose 3*g - 24 = 4*o, -2*g + 3*o = 5*o - 2. Suppose -n - 2 = -g. Let c = 1 + 0. Calculate the highest common factor of n and c.
1
Let k be 6/4 - (-1)/2. Let h be -1 - -4 - (-4 + k). Suppose 3*g + 0*g - 2*n = 9, -4*g + 35 = 5*n. What is the greatest common factor of h and g?
5
Suppose 9*p - 2*p = 392. What is the greatest common divisor of 42 and p?
14
Let g = -6 - -86. What is the highest common factor of g and 32?
16
Let l = -13 + 10. Let v(j) = 2*j**2 - 3*j - 3. Let t be v(l). Calculate the highest common factor of t and 3.
3
Suppose -4*z + 4*i - 5*i = -71, 2*z - 46 = -4*i. What is the greatest common factor of 272 and z?
17
Suppose 0*k + 3*k + 177 = 3*d, -4*k + 340 = 5*d. Calculate the highest common factor of d and 8.
8
Let i be (-4 - 2 - -2)*(-56)/16. Let f(a) be the third derivative of a**5/10 + a**3/6 + 2*a**2. Let u be f(1). Calculate the highest common factor of u and i.
7
Let t = -13 + 20. Let u = -121 - -194. Suppose -47 - 12 = -4*p - 3*j, 5*p + 3*j = u. What is the highest common divisor of t and p?
7
Suppose 8*g = -0*g + 104. Calculate the greatest common divisor of g and 13.
13
Suppose 0*x = -x + m + 7, 2*m + 12 = x. Suppose -x*f + 40 = 3*g, 2 = 3*g - 10. Calculate the highest common divisor of 154 and f.
14
Let r(o) = o + 0*o - 1 + 5 - 1. Let t be 6*5/((-30)/(-4)). Let k be r(t). Calculate the greatest common divisor of k and 7.
7
Let s = 42 + -22. Let i(l) = l**2 - 4*l - 5. Let b be i(4). Let d(a) = -a - 1. Let w be d(b). What is the greatest common factor of w and s?
4
Let i be 15/3*18/10. Let p = i + 3. Calculate the highest common factor of p and 8.
4
Suppose l = 22 - 2. Let p(h) = h**3 - 5*h**2 + 2*h - 6. Let k be p(5). What is the greatest common divisor of l and k?
4
Suppose 4*p + 3 = -r, -p + 3*p = -2*r + 24. Let d(u) = 154*u**2 - 2*u + 1. Let f be d(1). Calculate the greatest common divisor of f and r.
17
Suppose -5*j = -r - 41, -4*j - 2*r + 17 + 13 = 0. Suppose 1280 = -d + 5*d. Suppose 0 = -5*g - 0*g + d. What is the greatest common factor of g and j?
8
Suppose 5*q - 5*t - 20 = 30, 0 = -5*q - t + 44. What is the highest common divisor of 108 and q?
9
Let r be (-1 - 53)*2/(-18)*3. Calculate the highest common divisor of r and 42.
6
Let j be (8/10)/((-3)/(-60)). What is the greatest common divisor of j and 16?
16
Let o be 48/12 + 34/2. Suppose z = -2*z + o. What is the greatest common divisor of z and 28?
7
Let d = -615 + 967. Calculate the highest common divisor of d and 44.
44
Suppose 16 = -0*m - m. Let g be 198 + 4 + m/4. Suppose -2*d = -5*h + 90, 0 = 5*h + 2*d - 43 - 47. Calculate the highest common factor of h and g.
18
Let j(y) be the first derivative of 7*y**2 + 2*y - 2. Let w = -5 + 7. Let l be j(w). Calculate the greatest common divisor of 10 and l.
10
Suppose -3*g = 26 - 323. Calculate the highest common divisor of 11 and g.
11
Suppose -h = 2*h - 108. Suppose -3*o - v = -2*o - 10, -5*v = 10. Calculate the highest common divisor of h and o.
12
Suppose -1 = h - 3. Suppose -5*w + 4*n = 7, -h*n = -5*w + 3*n - 10. What is the highest common factor of w and 8?
1
Suppose 6*p - 2*p - 64 = 0. Let m = p - 4. What is the highest common factor of m and 12?
12
Let w(l) = -l**3 + 4*l**2 + 2*l - 4. Let x be w(3). Let h = -2 + x. What is the greatest common factor of 99 and h?
9
Let g = 5 + -7. Let k be (3/g)/((-2)/12). Let y = 165 - 102. Calculate the highest common divisor of y and k.
9
Let v(p) = -p**3 + 6*p**2 + p - 2. Let t be v(6). Suppose -t = -a + 7. Calculate the highest common divisor of a and 1.
1
Let l(s) = -s**3 - 2*s**2 - 3*s - 3. Let u be l(-2). Suppose -5*h + 24 = -u*h. Suppose 0 = -3*a - a + 16. What is the greatest common factor of a and h?
4
Let q(v) = -60*v. Let h be q(-2). Suppose 7 = i + 4. Suppose y = -i*y + h. Calculate the highest common factor of 15 and y.
15
Let q = 10 + -7. Let z be ((-9)/(-4))/(q/12). Let n = -146 + 245. Calculate the highest common divisor of z and n.
9
Suppose -s = -5*c + 14, 3*c = 5*s + 28 - 2. Calculate the highest common divisor of 14 and c.
2
Suppose 0 = 4*r + r - 30. Let q = r + -3. Suppose 0 = -q*s + 4 + 20. Calculate the greatest common factor of 72 and s.
8
Let l be (6/(-3))/(1/(-6)). Calculate the greatest common factor of l and 3.
3
Let w(m) = m**2 + 28. Let v be w(0). Suppose -9 = -2*o + k, -5*o + 12 = 5*k - 18. Let h be 16/(-40) - (-22)/o. What is the highest common factor of v and h?
4
Let x = -3 - -2. Let t be x/(-1 + (-42)/(-39)). Let s = t - -22. What is the greatest common divisor of s and 36?
9
Suppose -m + 8 = 3. Calculate the highest common factor of 20 and m.
5
Let b(c) = c**2 - 8*c + 1. Let w be b(7). Let i = 1 - w. Let u(r) = r**3 - 4*r**2 - 5*r + 7. Let f be u(6). Calculate the greatest common factor of f and i.
7
Suppose 3*x - 192 = -x + q, -4*x - 4*q = -192. Let c(h) = 7*h**3 - h**2 - h + 1. Let i be c(1). Calculate the greatest common factor of x and i.
6
Suppose -4*z + 6*z = 10, -u = 4*z - 146. Calculate the highest common factor of 14 and u.
14
Suppose -5*x - x + 114 = 0. Calculate the highest common factor of 171 and x.
19
Let z be (-2)/(-6)*18/2. Calculate the greatest common factor of z and 3.
3
Let i be (-5)/(-135)*1221 + 4/(-18). Calculate the highest common factor of i and 120.
15
Let w be 825/12 - (-2)/8. Calculate the highest common factor of 23 and w.
23
Let q(p) = 17*p + 29. Let j be q(9). What is the greatest common divisor of 26 and j?
26
Let q(x) = -2*x + 4*x + 3 - 3*x**2 + 2*x + 2*x**2. Let d be q(4). Suppose -97 - 11 = -4*h. What is the greatest common divisor of d and h?
3
Let l be 2/(-4) - (-46)/4. Let n be ((-88)/6)/((-22)/33). Calculate the greatest common factor of n and l.
11
Suppose -4*w = -96 - 0. Calculate the greatest common factor of w and 16.
8
Let i(a) = -3*a - 1. Let t be i(-5). Let g be 12/9*6/4. Suppose -l + 55 = 5*k, 4*l + 134 = 6*l + g*k. Calculate the highest common factor of l and t.
14
Let i be (0/2)/(0 + -1). Let y = i + 0. Suppose y = -4*b - 9*k + 4*k + 410, 3*k + 6 = 0. What is the greatest common divisor of 42 and b?
21
Let m = 417 + -187. Calculate the greatest common divisor of m and 46.
46
Suppose 1543 = 5*i - 6*z + 4*z, 304 = i - 5*z. Suppose -4*r + v + 4*v = -407, 0 = 3*r - 3*v - i. What is the highest common factor of r and 18?
18
Let n = 35 - 15. Suppose -4*c + n = c. Let t be ((-54)/8)/(3/(-16)). What is the highest common factor of c and t?
4
Let h = -9 + 24. Let a be (2 - (-5 + 2)) + -3. Suppose 0*s - a*q = 3*s - 45, -s - 4*q = -15. Calculate the highest common divisor of s and h.
15
Suppose 2*x - 6 = -v - 0, 0 = v - 3*x - 31. What is the highest common factor of 4 and v?
4
Let i(o) = o**3 + 7. Let d be i(5). Let m = -88 + d. Let q(s) = -s**3 - 38*s**2 + 37*s - 67. Let t be q(-39). Calculate the greatest common factor of m and t.
11
Let c = 6 + 44. Calculate the highest common divisor of c and 10.
10
Let l be 4/(-16) + -3 + (-291)/(-12). Calculate the highest common factor of 21 and l.
21
Let f(n) = n**2 - n - 1. Let z be f(-1). Suppose 12 = 4*y + 4*d, y + 0*y + 5 = -5*d. What is the greatest common divisor of z and y?
1
Let r be 1/2 + (-1386)/(-36). What is the greatest common factor of 13 and r?
13
Let y(s) = 3*s + 2. Let t(q) = -3*q - 3. Let f(x) = 2*t(x) + 3*y(x). Let w be f(12). What is the highest common divisor of w and 18?
18
Let s = -18 - -24. Let c(i) = -i**2 + 14*i - 6. Let b be c(s). What is the greatest common factor of b and 14?
14
Suppose 288 = 9*x - 0*x. What is the greatest common factor of 24 and x?
8
Suppose n + 4*i - 2 - 5 = 0, 0 = -4*n + 2*i + 64. Let j be (-122)/18 + 8/(-36). Let f = -2 - j. Calculate the highest common divisor of f and n.
5
Suppose 29 = -p + 2*p + 4*z, p - 2*z - 11 = 0. Calculate the greatest common divisor of p and 85.
17
Suppose -60 - 60 = -2*i. What is the highest common divisor of 12 and i?
12
Let t = -1 + 5. Suppose 4 = t*k + 48. Let v = -8 - k. Calculate the highest common divisor of v and 21.
3
Suppose 2*g + 19 - 1 = -3*b, 4*b - 32 = 2*g. Let d = g - -18. Let m(o) = o**2 - 4*o + 7. Let z be m(5). Calculate the greatest common factor of d and z.
6
Let b = -180 + 268. Suppose 4*m - 3 = 5, -h + 3*m + 5 = 0. Calculate the highest common factor of b and h.
11
Let p = 58 - 14. Calculate the greatest common factor o